{"id":2,"date":"2014-01-25T18:23:05","date_gmt":"2014-01-25T18:23:05","guid":{"rendered":"http:\/\/prunelli-di-casacconi.fr\/?page_id=2"},"modified":"2023-01-27T12:01:20","modified_gmt":"2023-01-27T11:01:20","slug":"page-d-exemple","status":"publish","type":"page","link":"http:\/\/prunelli-di-casacconi.fr\/?page_id=2","title":{"rendered":"Un peu d&rsquo;histoire"},"content":{"rendered":"<p>Surplombant la vall\u00e9e du Golo, le village est situ\u00e9 pr\u00e8s de l\u2019axe principal Bastia-Ajaccio, \u00e0 25 kilom\u00e8tres de Bastia et \u00e0 un quart d\u2019heure de l\u2019a\u00e9roport de Poretta.<\/p>\n<p>Situ\u00e9 dans un cadre verdoyant, on peut y voir de belles maisons hautes et anciennes. Le peintre Giuseppe Maria Casalta, actif entre 1687 et 1711, y a s\u00e9journ\u00e9 longtemps et a peint plusieurs tableau dont \u00ab la donation du rosaire \u00bb qui est d\u2019ailleurs conserv\u00e9 dans l\u2019\u00e9glise. Prunelli di Casacconi est le village natal de Rudo Cardi et de son fr\u00e8re Michel Orso, tous deux chanteurs des ann\u00e9es 60-80 ; ce dernier est l\u2019auteur et interpr\u00e8te de la c\u00e9l\u00e8bre chanson \u00ab Angelique \u00bb.<\/p>\n<p>Le village rena\u00eet depuis quelques ann\u00e9es ; on y trouve d\u00e9sormais des g\u00eetes, une pizzeria est ouverte tous les samedis soirs en hiver, tous les soirs en \u00e9t\u00e9.<\/p>\n<p>&nbsp;<\/p>\n<table cellspacing=\"7\">\n<tbody>\n<tr>\n<td colspan=\"2\"><b>Prunelli-di-Casacconi<\/b><\/td>\n<\/tr>\n<tr>\n<th colspan=\"2\">Administration<\/th>\n<\/tr>\n<tr>\n<th scope=\"row\"><a title=\"Liste des pays du monde\" href=\"http:\/\/fr.wikipedia.org\/wiki\/Liste_des_pays_du_monde\">Pays<\/a><\/th>\n<td><a title=\"Drapeau de la France\" href=\"http:\/\/commons.wikimedia.org\/wiki\/File:Flag_of_France.svg\"><img loading=\"lazy\" decoding=\"async\" src=\"http:\/\/upload.wikimedia.org\/wikipedia\/commons\/thumb\/c\/c3\/Flag_of_France.svg\/20px-Flag_of_France.svg.png\" srcset=\"\/\/upload.wikimedia.org\/wikipedia\/commons\/thumb\/c\/c3\/Flag_of_France.svg\/30px-Flag_of_France.svg.png 1.5x, \/\/upload.wikimedia.org\/wikipedia\/commons\/thumb\/c\/c3\/Flag_of_France.svg\/40px-Flag_of_France.svg.png 2x\" alt=\"Drapeau de la France\" width=\"20\" height=\"13\" data-file-width=\"900\" data-file-height=\"600\" \/><\/a>\u00a0<a title=\"France\" href=\"http:\/\/fr.wikipedia.org\/wiki\/France\">France<\/a><\/td>\n<\/tr>\n<tr>\n<th scope=\"row\"><a title=\"R\u00e9gion fran\u00e7aise\" href=\"http:\/\/fr.wikipedia.org\/wiki\/R%C3%A9gion_fran%C3%A7aise\">R\u00e9gion<\/a><\/th>\n<td><a title=\"Corse\" href=\"http:\/\/fr.wikipedia.org\/wiki\/Corse\">Corse<\/a><\/td>\n<\/tr>\n<tr>\n<th scope=\"row\"><a title=\"D\u00e9partement fran\u00e7ais\" href=\"http:\/\/fr.wikipedia.org\/wiki\/D%C3%A9partement_fran%C3%A7ais\">D\u00e9partement<\/a><\/th>\n<td><a title=\"Haute-Corse\" href=\"http:\/\/fr.wikipedia.org\/wiki\/Haute-Corse\">Haute-Corse<\/a><\/td>\n<\/tr>\n<tr>\n<th scope=\"row\"><a title=\"Arrondissement fran\u00e7ais\" href=\"http:\/\/fr.wikipedia.org\/wiki\/Arrondissement_fran%C3%A7ais\">Arrondissement<\/a><\/th>\n<td><a title=\"Arrondissement de Corte\" href=\"http:\/\/fr.wikipedia.org\/wiki\/Arrondissement_de_Corte\">Corte<\/a><\/td>\n<\/tr>\n<tr>\n<th scope=\"row\"><a title=\"Canton fran\u00e7ais\" href=\"http:\/\/fr.wikipedia.org\/wiki\/Canton_fran%C3%A7ais\">Canton<\/a><\/th>\n<td><a title=\"Canton d'Alto-di-Casacconi\" href=\"http:\/\/fr.wikipedia.org\/wiki\/Canton_d%27Alto-di-Casacconi\">Alto-di-Casacconi<\/a><\/td>\n<\/tr>\n<tr>\n<th scope=\"row\"><a title=\"Intercommunalit\u00e9 en France\" href=\"http:\/\/fr.wikipedia.org\/wiki\/Intercommunalit%C3%A9_en_France\">Intercommunalit\u00e9<\/a><\/th>\n<td>COMMUNAUTE DE COMMUNES CASTAGNICCIA-CASINCA<\/td>\n<\/tr>\n<tr>\n<th scope=\"row\"><a title=\"Maire (France)\" href=\"http:\/\/fr.wikipedia.org\/wiki\/Maire_(France)\">Maire<\/a><br \/>\n<a title=\"Mandat politique\" href=\"http:\/\/fr.wikipedia.org\/wiki\/Mandat_politique\">Mandat<\/a><\/th>\n<td>Christiane Mariotti<br \/>\n2020-2026<\/td>\n<\/tr>\n<tr>\n<th scope=\"row\"><a title=\"Code postal\" href=\"http:\/\/fr.wikipedia.org\/wiki\/Code_postal\">Code postal<\/a><\/th>\n<td>20290<\/td>\n<\/tr>\n<tr>\n<th scope=\"row\"><a title=\"Code officiel g\u00e9ographique\" href=\"http:\/\/fr.wikipedia.org\/wiki\/Code_officiel_g%C3%A9ographique#Code_commune\">Code commune<\/a><\/th>\n<td>2B250<\/td>\n<\/tr>\n<tr>\n<th colspan=\"2\" scope=\"col\">D\u00e9mographie<\/th>\n<\/tr>\n<tr>\n<th scope=\"row\"><a title=\"Chiffres de population de la France\" href=\"http:\/\/fr.wikipedia.org\/wiki\/Chiffres_de_population_de_la_France\">Population<br \/>\nmunicipale<\/a><\/th>\n<td>150\u00a0<abbr title=\"habitants\">hab.<\/abbr>\u00a0<small>(01\/01\/2019)<\/small><\/td>\n<\/tr>\n<tr>\n<th scope=\"row\"><a title=\"Densit\u00e9 de population\" href=\"http:\/\/fr.wikipedia.org\/wiki\/Densit%C3%A9_de_population\">Densit\u00e9<\/a><\/th>\n<td>27\u00a0hab.\/km<sup>2<\/sup><\/td>\n<\/tr>\n<tr>\n<th colspan=\"2\" scope=\"col\">G\u00e9ographie<\/th>\n<\/tr>\n<tr>\n<th scope=\"row\"><a title=\"Coordonn\u00e9es g\u00e9ographiques\" href=\"http:\/\/fr.wikipedia.org\/wiki\/Coordonn%C3%A9es_g%C3%A9ographiques\">Coordonn\u00e9es<\/a><\/th>\n<td><img decoding=\"async\" title=\"Montrer la localisation sur une carte interactive\" src=\"http:\/\/upload.wikimedia.org\/wikipedia\/commons\/thumb\/e\/e9\/Geographylogo.svg\/18px-Geographylogo.svg.png\" alt=\"\" \/><a href=\"http:\/\/tools.wmflabs.org\/geohack\/geohack.php?language=fr&amp;pagename=Prunelli-di-Casacconi&amp;params=42.505_N_9.40222222222_E_type:city_region:fr_globe:earth&amp;title=\">42\u00b0 30\u2032 18\u2033 Nord9\u00b0 24\u2032 08\u2033 Est<\/a><\/td>\n<\/tr>\n<tr>\n<th scope=\"row\"><a title=\"Altitude\" href=\"http:\/\/fr.wikipedia.org\/wiki\/Altitude\">Altitude<\/a><\/th>\n<td>269\u00a0m\u00a0(min.\u00a0:\u00a024\u00a0m) (max.\u00a0:\u00a0404\u00a0m)<\/td>\n<\/tr>\n<tr>\n<th scope=\"row\"><a title=\"Superficie\" href=\"http:\/\/fr.wikipedia.org\/wiki\/Superficie\">Superficie<\/a><\/th>\n<td>6,02\u00a0km<sup>2<\/sup><\/td>\n<\/tr>\n<tr>\n<td><\/td>\n<\/tr>\n<tr>\n<th colspan=\"2\" scope=\"col\">Localisation<\/th>\n<\/tr>\n<tr>\n<td colspan=\"3\" align=\"center\">\n<div id=\"img_toogle_0\">\n<div id=\"geobox_0_1\">\n<p><small>G\u00e9olocalisation sur la carte\u00a0:\u00a0<a title=\"Haute-Corse\" href=\"http:\/\/fr.wikipedia.org\/wiki\/Haute-Corse\">Haute-Corse<\/a><\/small><\/p>\n<p><a href=\"http:\/\/prunelli-di-casacconi.fr\/wp-content\/uploads\/2019\/10\/1495BB3A-1F3A-4D6D-BF7E-7A7E8FAE8474.jpeg\"><img loading=\"lazy\" decoding=\"async\" class=\"alignnone size-medium wp-image-911\" src=\"http:\/\/prunelli-di-casacconi.fr\/wp-content\/uploads\/2019\/10\/1495BB3A-1F3A-4D6D-BF7E-7A7E8FAE8474-209x300.jpeg\" alt=\"\" width=\"209\" height=\"300\" srcset=\"http:\/\/prunelli-di-casacconi.fr\/wp-content\/uploads\/2019\/10\/1495BB3A-1F3A-4D6D-BF7E-7A7E8FAE8474-209x300.jpeg 209w, http:\/\/prunelli-di-casacconi.fr\/wp-content\/uploads\/2019\/10\/1495BB3A-1F3A-4D6D-BF7E-7A7E8FAE8474-768x1100.jpeg 768w, http:\/\/prunelli-di-casacconi.fr\/wp-content\/uploads\/2019\/10\/1495BB3A-1F3A-4D6D-BF7E-7A7E8FAE8474-715x1024.jpeg 715w, http:\/\/prunelli-di-casacconi.fr\/wp-content\/uploads\/2019\/10\/1495BB3A-1F3A-4D6D-BF7E-7A7E8FAE8474.jpeg 1018w\" sizes=\"auto, (max-width: 209px) 100vw, 209px\" \/><\/a><\/p>\n<\/div>\n<\/div>\n<\/td>\n<\/tr>\n<\/tbody>\n<\/table>\n<p>&nbsp;<\/p>\n<ul>\n<li>Pont g\u00e9nois sur\u00a0le\u00a0Casaconi, pouvant dater du 17e ou 18e si\u00e8cle,\u00a0construit\u00a0selon l&rsquo;arch\u00e9type des\u00a0ing\u00e9nieurs\u00a0de la R\u00e9publique de G\u00eanes.<\/li>\n<\/ul>\n<p><span style=\"font-size: 0.9rem;\">Inventaire g\u00e9n\u00e9ral\u00a0du patrimoine culturel<br \/>\n<\/span><span style=\"font-size: 0.9rem;\">Epoque : 17e si\u00e8cle, 18e si\u00e8cle<\/span><\/p>\n<p>&nbsp;<\/p>\n<h1><img loading=\"lazy\" decoding=\"async\" class=\"alignnone size-medium wp-image-170\" style=\"line-height: 18px; font-size: 12px;\" src=\"http:\/\/prunelli-di-casacconi.fr\/wp-content\/uploads\/2014\/05\/pont-300x196.jpg\" alt=\"pont\" width=\"300\" height=\"196\" srcset=\"http:\/\/prunelli-di-casacconi.fr\/wp-content\/uploads\/2014\/05\/pont-300x196.jpg 300w, http:\/\/prunelli-di-casacconi.fr\/wp-content\/uploads\/2014\/05\/pont.jpg 768w\" sizes=\"auto, (max-width: 300px) 100vw, 300px\" \/><\/h1>\n<p>&nbsp;<\/p>\n<ul>\n<li>Ch\u00e2teau fort construit en 1202, par le seigneur et \u00a0\u00bb Comte de Corse \u00a0\u00bb Giudice de Cinarca, selon le chroniqueur du 15e si\u00e8cle Giovanni della Grossa.<\/li>\n<\/ul>\n<p>Inventaire g\u00e9n\u00e9ral du patrimoine culturel<br \/>\nEpoque : 1er quart 13e si\u00e8cle<br \/>\nAnn\u00e9e de construction : 1202<\/p>\n<p><img loading=\"lazy\" decoding=\"async\" class=\"alignnone size-medium wp-image-192\" style=\"font-size: 12px; line-height: 18px;\" src=\"http:\/\/prunelli-di-casacconi.fr\/wp-content\/uploads\/2014\/01\/chateau-fort-300x197.jpg\" alt=\"chateau fort\" width=\"300\" height=\"197\" srcset=\"http:\/\/prunelli-di-casacconi.fr\/wp-content\/uploads\/2014\/01\/chateau-fort-300x197.jpg 300w, http:\/\/prunelli-di-casacconi.fr\/wp-content\/uploads\/2014\/01\/chateau-fort.jpg 768w\" sizes=\"auto, (max-width: 300px) 100vw, 300px\" \/><\/p>\n<p>&nbsp;<\/p>\n<ul>\n<li style=\"text-align: left;\"><span class=\"s2\">L\u2019\u00e9glise <\/span><span class=\"s2\">paroissiale St-<\/span><span class=\"s2\">Cyr<\/span><span class=\"s2\"> et Sainte-<\/span><span class=\"s2\">Julitte<\/span><span class=\"s2\"> situ\u00e9e au c\u0153ur du village est mentionn\u00e9<\/span><span class=\"s2\">e<\/span><span class=\"s2\"> en 1646 dans le rapport de visite pastorale de Mgr <\/span><span class=\"s2\">Marliani<\/span><span class=\"s2\">, Ev\u00eaque de Mariana et <\/span><span class=\"s2\">Accia<\/span><span class=\"s2\">. Elle daterait du premier quart du 17 si\u00e8cle et a \u00e9t\u00e9 restaur\u00e9e au cours du troisi\u00e8me quart du 19<\/span><span class=\"s3\">\u00e8me<\/span><span class=\"s2\"> si\u00e8cle.\u00a0Nombreux tableaux des XVII<sup>\u00e8me<\/sup>\u00a0et XVIII<sup>\u00e8me<\/sup>\u00a0si\u00e8cles de Giuseppe Maria Casalta, dont \u00abLa Donation du Rosaire\u00bb.<\/span><\/li>\n<\/ul>\n<p><img decoding=\"async\" src=\"https:\/\/www.patrimoine-religieux.fr\/annuaire_opr\/bdphotos\/1427963726577\/photos_14279637461741.jpg\" alt=\"resume-photo-edifice\" \/><\/p>\n<ul>\n<li style=\"text-align: left;\"><span class=\"s2\">Le clocher, construit \u00e0 quelques m\u00e8tres de l\u2019\u00e9glise.<\/span><\/li>\n<\/ul>\n<p><span style=\"font-size: 0.9rem;\">Inventaire g\u00e9n\u00e9ral du patrimoine culturel<\/span><br \/>\n<span style=\"font-size: 0.9rem;\">Epoque : 1er\u00a0quart\u00a017e si\u00e8cle (?) ; 3e quart 19e si\u00e8cle ; 4e quart 19e si\u00e8cle<br \/>\n<\/span><span style=\"font-size: 0.9rem;\">Ann\u00e9e de\u00a0construction\u00a0: 1899<\/span><\/p>\n<p><a href=\"http:\/\/prunelli-di-casacconi.fr\/wp-content\/uploads\/2014\/01\/clocher.jpg\"><img loading=\"lazy\" decoding=\"async\" class=\"alignnone size-medium wp-image-193\" src=\"http:\/\/prunelli-di-casacconi.fr\/wp-content\/uploads\/2014\/01\/clocher-197x300.jpg\" alt=\"clocher\" width=\"197\" height=\"300\" \/><\/a><\/p>\n<p style=\"text-align: left;\"><span style=\"font-size: 0.9rem;\"><br \/>\nInventaire g\u00e9n\u00e9ral\u00a0du patrimoine culturel<br \/>\n<\/span><span style=\"font-size: 0.9rem;\">Epoque : 4e\u00a0quart\u00a019e si\u00e8cle<br \/>\n<\/span><\/p>\n<p style=\"text-align: left;\"><a style=\"font-size: 0.9rem;\" href=\"http:\/\/prunelli-di-casacconi.fr\/wp-content\/uploads\/2014\/01\/pont-chemin-de-fer.jpg\"><img loading=\"lazy\" decoding=\"async\" class=\"alignnone size-medium wp-image-194\" src=\"http:\/\/prunelli-di-casacconi.fr\/wp-content\/uploads\/2014\/01\/pont-chemin-de-fer-300x194.jpg\" alt=\"pont chemin de fer\" width=\"300\" height=\"194\" \/><\/a><\/p>\n<ul>\n<li><span style=\"color: #333333; font-size: 16px;\">Fontaine et abreuvoir \u00e0 Prunelli-di-Casacconi (2B)<\/span><\/li>\n<\/ul>\n<div class=\"col-md-9\">\n<p>Cette fontaine, en ciment et ma\u00e7onnerie, fut construite en 1925, alors que Paoletti \u00e9tait maire de la commune, la date de construction a \u00e9t\u00e9 grav\u00e9e sur une plaque de marbre.<\/p>\n<p><img decoding=\"async\" class=\"lazy lazied\" title=\"Fontaine et abreuvoir \u00e0 Prunelli-di-Casacconi (2B)\" src=\"https:\/\/www.gralon.net\/tourisme\/tourisme\/mini-22034.jpg\" alt=\"Fontaine et abreuvoir \u00e0 Prunelli-di-Casacconi (2B)\" data-src=\"\/tourisme\/tourisme\/mini-22034.jpg\" data-lazied=\"IMG\" \/><\/p>\n<\/div>\n","protected":false},"excerpt":{"rendered":"<p>Surplombant la vall\u00e9e du Golo, le village est situ\u00e9 pr\u00e8s de l\u2019axe principal Bastia-Ajaccio, \u00e0 25 kilom\u00e8tres de Bastia et \u00e0 un quart d\u2019heure de l\u2019a\u00e9roport de Poretta. Situ\u00e9 dans un cadre verdoyant, on peut y voir de belles maisons hautes et anciennes. Le peintre Giuseppe Maria Casalta, actif entre 1687 et 1711, y a [&hellip;]<\/p>\n","protected":false},"author":3,"featured_media":0,"parent":0,"menu_order":0,"comment_status":"open","ping_status":"open","template":"","meta":{"footnotes":""},"class_list":["post-2","page","type-page","status-publish","hentry"],"_links":{"self":[{"href":"http:\/\/prunelli-di-casacconi.fr\/index.php?rest_route=\/wp\/v2\/pages\/2","targetHints":{"allow":["GET"]}}],"collection":[{"href":"http:\/\/prunelli-di-casacconi.fr\/index.php?rest_route=\/wp\/v2\/pages"}],"about":[{"href":"http:\/\/prunelli-di-casacconi.fr\/index.php?rest_route=\/wp\/v2\/types\/page"}],"author":[{"embeddable":true,"href":"http:\/\/prunelli-di-casacconi.fr\/index.php?rest_route=\/wp\/v2\/users\/3"}],"replies":[{"embeddable":true,"href":"http:\/\/prunelli-di-casacconi.fr\/index.php?rest_route=%2Fwp%2Fv2%2Fcomments&post=2"}],"version-history":[{"count":18,"href":"http:\/\/prunelli-di-casacconi.fr\/index.php?rest_route=\/wp\/v2\/pages\/2\/revisions"}],"predecessor-version":[{"id":1112,"href":"http:\/\/prunelli-di-casacconi.fr\/index.php?rest_route=\/wp\/v2\/pages\/2\/revisions\/1112"}],"wp:attachment":[{"href":"http:\/\/prunelli-di-casacconi.fr\/index.php?rest_route=%2Fwp%2Fv2%2Fmedia&parent=2"}],"curies":[{"name":"wp","href":"https:\/\/api.w.org\/{rel}","templated":true}]}}